ulate the highest common factor of 99 and k.
11
Let u = 13 + 3. Suppose -2*m = -3 - 1. Calculate the greatest common factor of m and u.
2
Suppose 0 = -18*z + 158 + 94. Suppose d + 70 = 3*d. Calculate the greatest common factor of d and z.
7
Let a(o) = 2*o + 39. Let f be a(-13). Calculate the highest common factor of 13 and f.
13
Let z = 33 - 27. Let s(k) = k**3 + 7*k**2 + 6*k + 4. Suppose 5*t = 2*t - 15. Let g be s(t). What is the highest common divisor of g and z?
6
Let r be (-4)/26*-155 - (-28)/182. What is the highest common factor of 9 and r?
3
Suppose -28 = -c - 22. Calculate the greatest common divisor of c and 4.
2
Let w(t) = t**3 - t**2 + 2*t + 75. Let g be w(0). What is the highest common factor of 15 and g?
15
Let c(j) = 2*j - 6. Let h be c(5). Suppose -g + 3*l + 192 = h*g, g = 3*l + 36. Calculate the highest common divisor of 26 and g.
13
Let b(d) be the second derivative of -d**4/12 + 3*d**3/2 + 11*d**2/2 + d. Let w be b(9). What is the highest common factor of 121 and w?
11
Let d(g) = -64*g**3 - 2*g**2 - g. Let c be d(-1). Let v = 3 - -4. What is the highest common factor of c and v?
7
Suppose 13*d - 810 = 646. What is the greatest common factor of d and 14?
14
Let h(l) = l**3 + 6*l**2 + 6*l + 3. Let o be h(-5). Let f = o - -7. Suppose 5*x + 14 = 114. What is the greatest common factor of f and x?
5
Suppose 0 = -7*m + 71 + 209. Calculate the highest common divisor of m and 32.
8
Suppose -6*n + n = -25, 4*v = -n + 33. What is the highest common factor of 21 and v?
7
Let w(q) = -q**3 - 6*q**2 - 10*q - 9. Let j be w(-5). Calculate the greatest common divisor of j and 48.
16
Suppose 3*f - 5*c + 3*c - 43 = 0, -3*f + 4*c + 47 = 0. Let t = 81 - 16. What is the greatest common factor of f and t?
13
Let z(a) = -a**3 - 7*a**2 + 4*a + 4. Let h be z(-8). Calculate the highest common factor of h and 4.
4
Suppose 4*l - 199 = -15. Let v be (-2)/5 - 22/(-5). Suppose -3*r = a - l, 1 = 5*a - v. Calculate the highest common divisor of r and 10.
5
Suppose 96 = -y + 376. Calculate the greatest common factor of 20 and y.
20
Let f = -2 + -4. Let c = 10 + f. Calculate the greatest common divisor of 32 and c.
4
Let m(t) = -t**2 + 34*t - 50. Let r be m(29). Let o = -48 + 86. Calculate the highest common divisor of o and r.
19
Suppose a = 4*u + 5*a - 104, 0 = 2*a. Suppose 0 = -2*c - 0 + u. Suppose 3*k = -0*v - 2*v + 195, 0 = 2*k + v - 130. What is the highest common factor of c and k?
13
Suppose 2*k - 134 = -h + 138, -3*k = -4*h + 1044. What is the highest common divisor of 33 and h?
33
Let z(o) = -o**2 + 8*o - 9. Let a be z(5). What is the highest common divisor of a and 4?
2
Let z be (2 - 4)*(-49)/(-42)*-3. What is the greatest common factor of 224 and z?
7
Let v be (-14)/(-3) + (-4)/6. Suppose -5*o + 80 = 2*a + 3*a, -o + 8 = -a. Calculate the greatest common factor of o and v.
4
Suppose 24*y = 28*y - 360. What is the greatest common factor of y and 30?
30
Let p be 133/3 - (-5)/(-15). Calculate the greatest common divisor of 11 and p.
11
Let m = 51 - 21. Suppose 0 = 6*d - 4*d + 3*a - m, -2*d + 3*a + 6 = 0. What is the highest common factor of 54 and d?
9
Suppose a + 0 = 4. Let t = 63 - 27. Calculate the highest common divisor of t and a.
4
Suppose 2*q - 4*p = 52, 4 - 23 = -q - 5*p. Calculate the greatest common divisor of 60 and q.
12
Suppose 3*n = s - 2*n + 13, 5*n = -s + 27. Suppose s*b = 2*b. Suppose b = -h + 18 + 22. Calculate the highest common divisor of 8 and h.
8
Let w be 11*4 - 1/(-1). Suppose w = 3*f - 3. Calculate the greatest common divisor of f and 40.
8
Let o be (-16)/(-6) + 7/21. Suppose o*j - 84 - 24 = 0. Suppose 0 = 5*p + 2 - 22. Calculate the greatest common divisor of p and j.
4
Let q be 239/8 - (-3)/24. Calculate the greatest common divisor of q and 6.
6
Suppose -36 = -g + 5*g + 2*w, -3*g - 34 = 5*w. Let i(y) = -2*y - 4. Let z be i(g). Let t be 4/12 - (-70)/6. Calculate the greatest common divisor of t and z.
12
Let w = 170 + -165. What is the highest common divisor of w and 55?
5
Let u(i) = i**2 + 5. Let v be u(5). Let b be (-42)/6*(-12)/7. Calculate the greatest common divisor of v and b.
6
Let o be (-263)/(-6) + (-1)/(-6). Calculate the greatest common divisor of 11 and o.
11
Let q be 2 + (3 - -10) - 2. Let o be q/((9/(-3))/(-3)). Calculate the greatest common factor of o and 39.
13
Suppose 12 = 3*t + 3*a, 5*a = -3*t + 2 + 18. Suppose p + t = -3*b - 1, -4 = 4*b. Suppose -p*x + 228 = x. Calculate the greatest common divisor of 19 and x.
19
Let y(s) = -s**3 + 4*s**2 + 16*s - 10. Let j be y(6). Calculate the greatest common factor of 14 and j.
14
Suppose -21 = -3*l + 3*h + 15, 3*l + 3*h = 30. What is the highest common divisor of l and 55?
11
Let f(a) = a + 19. Let d be f(0). Calculate the highest common divisor of d and 76.
19
Let j be (150/8)/(6/16). Let t = -10 + j. Calculate the greatest common divisor of t and 8.
8
Let d = 288 - 153. Calculate the highest common factor of 15 and d.
15
Suppose -j = 2, -17 - 69 = -y + j. What is the highest common divisor of 56 and y?
28
Suppose 128 = -f + 323. Calculate the highest common divisor of f and 15.
15
Suppose 0 = m - 3*m + a - 12, 4*a = -5*m - 4. Let c be ((-3)/m)/((-2)/8). Let y be (6/(-2))/(c/16). What is the greatest common factor of y and 24?
8
Let q = -7 - -9. Suppose 3*n = -q*n + 40. Calculate the highest common factor of 8 and n.
8
Suppose -4*i + 129 = -7. Let c = -15 - i. Let l = c - -79. Calculate the greatest common factor of l and 20.
10
Let y = -1 - -1. Suppose 2*z + y*z = 20. Calculate the highest common divisor of z and 90.
10
Let u be (2 + -3 - -5) + -1. Suppose u*i - 101 = -11. Calculate the highest common factor of 12 and i.
6
Suppose -j = 4*j - 4*m - 87, -3*j - 2*m + 39 = 0. Let v = -7 + 22. What is the highest common factor of j and v?
15
Let v be (-1 - -8) + 1*-2. Calculate the highest common factor of v and 55.
5
Let x(l) = -8*l. Let i be x(-1). Let q = i + -1. Suppose q = s - 9. Calculate the greatest common divisor of 176 and s.
16
Suppose 184 = 5*p - 2*s, 6*s = -4*p + 2*s + 136. Suppose -2*m + p = 2*m. Calculate the highest common factor of 45 and m.
9
Suppose -5*a + 70 = -m + 2*m, 0 = -2*a + m + 35. What is the greatest common factor of a and 6?
3
Suppose -2 = g - 7, 4*c + 5*g = 149. Let a = -2 + 6. Suppose -a*y + c + 17 = 0. What is the highest common factor of y and 84?
12
Let p = -26 + 43. Calculate the greatest common factor of 221 and p.
17
Let j(s) = -s - 5. Let t be j(-17). Calculate the highest common factor of 108 and t.
12
Let o = 26 + -15. What is the greatest common factor of o and 121?
11
Let d(h) = -h**2 + 16*h - 14. Let y be d(14). Calculate the highest common factor of 2 and y.
2
Let j(g) = g**3 - 2*g**2 - g - 2. Let d be j(3). What is the greatest common divisor of d and 4?
4
Let w(s) = -22*s - 1. Let t be w(-1). What is the highest common divisor of t and 147?
21
Let n(r) = -r**3 - 9*r**2 - 10*r - 4. Let g be n(-8). Calculate the highest common factor of 96 and g.
12
Let k = 1 - 0. Let l be 30 + (-1 - (k + -1)). Let o = 11 + l. Calculate the greatest common divisor of o and 8.
8
Let c(b) = b**2 - 7*b + 1. Let y be c(11). Calculate the greatest common divisor of 5 and y.
5
Let h = 2 - 1. Let n be ((-2)/(2/(-17)))/h. Suppose -63 - n = -2*b - 4*d, -2*b + 80 = d. What is the greatest common divisor of b and 10?
10
Let s(n) = -18*n - 11. Let v be s(-10). Suppose -11 = 5*z - 5*j + 144, 5*z + v = -2*j. Let u = -17 - z. Calculate the highest common factor of u and 48.
16
Let q(w) = w**2 - 8*w + 12. Let k(h) = h**3 - 2*h**2 - 6*h + 1. Let u be k(4). Let n be q(u). Calculate the highest common divisor of 14 and n.
7
Suppose 36 = 3*u + 4*b - 5, -4*u + 3*b = -38. Suppose -u = 4*d - 83. Calculate the greatest common divisor of 54 and d.
18
Suppose 4*x - 3*h = -0*h, 3*x + 4*h = 25. What is the greatest common factor of 12 and x?
3
Suppose 0 = 5*w - 4*w. Suppose -4*l - 4*d = -32, 24 = 3*l - w*l - 3*d. Calculate the greatest common factor of 4 and l.
4
Suppose 4*o = -27 + 171. Let w be 4/14 - o/(-21). Suppose -6 = -w*m - 0. Calculate the highest common divisor of m and 3.
3
Let p = 237 + -141. Suppose -3*l + 11 + 10 = v, 0 = -5*v - 2*l + 66. Calculate the greatest common factor of p and v.
12
Suppose o - f - 17 = 0, -3*f - 44 = -5*o + 43. Let u = o - 13. S